of g(z).
2, 5
Let w(r) = r**2 + 11*r - 8. Let c be w(-11). Let q be 5 - (-4)/c*-2. Suppose -2*d + 70 = 2*n, 3*d + 4*n = -q + 111. What are the prime factors of d?
5, 7
Let t = 1748 + -407. What are the prime factors of t?
3, 149
Let s(o) = 83*o**3 - 4*o**2 + 3*o - 2. Let i be s(2). What are the prime factors of i/13 - (-2)/(-13)?
2, 5
Suppose -7267 = -16*j + 429. List the prime factors of j.
13, 37
Suppose 41 = -o - 21. Let i = -20 - o. Suppose -3*z + 21 = -i. What are the prime factors of z?
3, 7
Let u(j) = 10*j + 234. List the prime factors of u(30).
2, 3, 89
Let p = 81 + -42. Suppose -3*y - f + p = 0, -5*y + f - 2*f + 63 = 0. What are the prime factors of (-8)/y - (-44)/3?
2, 7
Suppose 3376 + 66 = 3*i + 5*s, -2299 = -2*i + s. What are the prime factors of i?
3, 383
Let m(h) = 1135*h + 4. List the prime factors of m(1).
17, 67
Let q(h) = 9*h + 6. Let a be q(13). Suppose -w = 3*f - 18, 0 = -5*w + 2*f - 6*f + a. List the prime factors of w.
3
Suppose -v - 3*v + 248 = 0. Suppose 2*j + 104 = -5*q, -v = 2*q + q + j. List the prime factors of 2*5/(q/(-6)).
3
Let c(r) = -5*r**3 + r + 1. Let x be c(-1). Suppose 0 = -u - 0 - x. Let h(l) = -l + 4. What are the prime factors of h(u)?
3
Suppose 15 = 5*q, q - 35 + 8 = 2*n. Let f be (n/(-10))/((-16)/(-40)). Suppose 2*j - 110 = -f*j. List the prime factors of j.
2, 11
Let j(d) = 5*d - 94. List the prime factors of j(37).
7, 13
Suppose u = -3*t + 3*u + 15, 5*t - 25 = -2*u. Suppose 2*d + t*d = 959. List the prime factors of d.
137
Let n(p) = -16*p - 16. List the prime factors of n(-4).
2, 3
Suppose -1278 = -c + 2*j, 5*c + 0*c + 2*j = 6438. What are the prime factors of c?
2, 643
Let y(d) = 3*d**2 + 5*d - 1. Let p(r) = r**2 + 14*r + 9. Let j be p(-13). List the prime factors of y(j).
3
Let d(z) = 2*z**2 - z - 2. Suppose 0 = 3*c + 2*b - 25, 5*b = 2*b + 15. Suppose -2*o + 0 - 7 = m, -3*o = c*m. List the prime factors of d(m).
13
Let a(s) = -s**3 - 8*s**2 + 14*s + 10. Let p be a(-10). Let h = p + -35. List the prime factors of h.
5, 7
Let s(c) = -11*c - 4. Suppose -2*t = -5 + 19. What are the prime factors of s(t)?
73
Let c(z) = 4*z. Let k be c(3). Suppose k = -18*g + 20*g. Suppose 0*l = -g*l + 144. List the prime factors of l.
2, 3
Let t(c) be the first derivative of 9/2*c**2 - 4 + c. List the prime factors of t(7).
2
Let w(c) = 40*c**2 + 15*c + 22. Let i be w(12). Suppose -4*x + 5238 = -i. What are the prime factors of x/98 + (-6)/(-14)?
29
What are the prime factors of (-4 + 6)*-3 - -256?
2, 5
Suppose 6 = -o - 5. Let w(m) = -m**3 - 11*m**2 + 5. Let h be w(o). Suppose 5*u - h*r - 95 = 0, -2*r + 4*r = -6. What are the prime factors of u?
2
Let f = 8140 - 3921. What are the prime factors of f?
4219
Let w(p) = 7*p**2 - 7*p - 5. List the prime factors of w(-4).
3, 5
Let w(y) = -y**3 - 7*y**2 + y + 10. Let m be w(-7). Suppose 0 = -m*g + 10*g - 770. What are the prime factors of g?
2, 5, 11
Let w(r) = -51*r + 24. What are the prime factors of w(-8)?
2, 3
Suppose 23 = -2*y - 73. List the prime factors of (1404/y)/((-2)/8).
3, 13
Suppose -19 = -4*r - 55. Let g be (-6 - r) + 0/(-2). What are the prime factors of (g/2)/(6/160)?
2, 5
Let f be 2/4*-81 + 1/(-2). Let l = -18 - f. List the prime factors of l.
23
Suppose 2*v = -5 + 165. Let g = v - 47. List the prime factors of g.
3, 11
Suppose 0*s - 474 = -s. What are the prime factors of s?
2, 3, 79
Let n(w) = -w**3 + w**2 + 23*w + 145. What are the prime factors of n(-14)?
3, 307
Let n(z) = 3*z - 15. Let h be n(0). Let a = -10 - h. Suppose -3*s - 2*p - 2*p + 15 = 0, -a = -s + 4*p. What are the prime factors of s?
5
Let z(w) = -w + 9. Let x be ((-15)/(-9) + -2)*-21. Let j be z(x). Suppose 0 = -j*b + 64. What are the prime factors of b?
2
What are the prime factors of (-8)/10 - 4169*2/(-10)?
7, 17
Suppose 5*c - 1959 = 19716. List the prime factors of (-1)/(-4) + c/68.
2
Suppose -3*z + 96 = 3*z. Suppose z*p + 335 = 21*p. List the prime factors of p.
67
Let b be 2*4*20/32. Suppose -324 = b*j - 14*j. What are the prime factors of j?
2, 3
Suppose -2*v + 4*r + 825 = -2517, -v + 5*r + 1656 = 0. What are the prime factors of v?
41
Suppose -18*g - 552 = -22*g + z, -135 = -g + z. What are the prime factors of g?
139
Suppose z = 2*o - 4, 0 = z + 2*z. Suppose -5*m + o*l = -156, -2*m + 3*l - 7*l + 72 = 0. List the prime factors of m.
2
Let i(m) = m**3 + 375. Let q be i(0). Suppose 3*g - 2*t + t = 305, -4*g - 5*t = -q. What are the prime factors of g?
2, 5
Suppose -z = -2*z + 12. Let s be ((-1 - 12) + -1)/2. Let v = z - s. List the prime factors of v.
19
Let c = 11 - -1. Suppose -z = -4*r + 13 + 3, -z = -2*r + c. Let g(p) = -p**2 - 9*p + 10. List the prime factors of g(z).
2, 3
Let j = 1325 + -872. What are the prime factors of j?
3, 151
Let s(g) = -g**3 + 8*g**2 - 6*g - 13. Let r be s(7). Let a = r - -41. List the prime factors of a.
5, 7
Let x(v) = 37*v**3 - 6*v**2 + 4*v - 2. List the prime factors of x(5).
4493
Let i = 86 + -15. List the prime factors of i.
71
List the prime factors of 11*(11 - 792/(-11)).
11, 83
Suppose -2*a + 6*a = -4*z + 24, -5*a - 6 = -4*z. Suppose 5*t = -a*m + 983, 3*t - 5*m - 573 = -2*m. List the prime factors of t.
3, 5, 13
Suppose 39 = 5*m + 4. Suppose -m*o + 88 = -3*o. What are the prime factors of o?
2, 11
Let q(m) = 6*m**2 + m. Let y be q(-1). Let i = 67 + 16. Suppose y = 4*n - i. What are the prime factors of n?
2, 11
List the prime factors of 5336/12 + -3*(-8)/(-36).
2, 3, 37
Suppose 14*i - d - 3393 = 9*i, -4*i + 2721 = -3*d. List the prime factors of i.
2, 3, 113
Suppose -3*g + 5*g = 8, 4*q + 12 = 2*g. Let h(s) = -160*s - 4. Let p be h(q). Suppose 0 = -5*j + 8*j - p. What are the prime factors of j?
2, 13
Suppose -3*o = -w - 14, -5*o + 12 = -w - 10. Suppose r + 44 = -o*x + 200, -5*x - 451 = -3*r. What are the prime factors of r?
2, 19
Suppose 5*s - 2936 = 4*d, 4*s - 4*d = -0*d + 2348. What are the prime factors of s?
2, 3, 7
Suppose 3*b = 9*b - 126. List the prime factors of b.
3, 7
What are the prime factors of (-41470)/(-27) + (-4)/(-54)?
2, 3
Let j(p) = 2*p**3 - 5*p**2 - 4*p. Let q = -16 + 20. Suppose -3*f = -2*u + q - 8, -16 = -5*u + f. What are the prime factors of j(u)?
2
Suppose 3*l - 2030 - 478 = 0. What are the prime factors of l?
2, 11, 19
Suppose 3*w = 3*r + 18, -4*r + 24 = 2*w - 2*r. Let b = 9 - w. Suppose b = -2*k + 4*k - 14. List the prime factors of k.
7
Suppose -68*t - 32158 = -343666. List the prime factors of t.
3, 509
Suppose -7*i + 3*i = -5*z + 787, -614 = -4*z - 2*i. Let h(n) = -n**2 + 11*n + 2. Let w be h(11). Suppose -7*m + z = -w*m. List the prime factors of m.
31
Let a = -2411 + 6030. List the prime factors of a.
7, 11, 47
Let u(v) = -v**3 + 13*v**2 + v - 16. Let y = 23 - 10. Let a be u(y). Let x = a - -18. What are the prime factors of x?
3, 5
Let h(v) = -14*v + 104. Let t be h(-25). Let f = t + -98. What are the prime factors of f?
2, 89
Suppose 258 = 5*z - 2*u + 36, -214 = -5*z + 4*u. What are the prime factors of z?
2, 23
Let k(w) = w**3 + w**2 - w + 10. Let v be k(0). Suppose 0 = 5*l - 0*l - 245. Suppose v = -3*x + l. List the prime factors of x.
13
Let v(k) = -k**3 + 19*k**2 + 13*k + 131. What are the prime factors of v(18)?
13, 53
Suppose b - 3 = -5, 5*b = -4*h - 6. Suppose 2*w + 3*m - 211 = 0, 114 = w - m + h. What are the prime factors of 3650/w - 4/22?
3, 11
Let p = 3468 - 2000. List the prime factors of p.
2, 367
Let o(y) = -12*y + 17 - 15*y + 6*y. Let x be o(-8). Suppose -4*u = -3*n - x, 4*n + 9 = n. What are the prime factors of u?
2, 11
Suppose -91*u + 81*u + 3130 = 0. What are the prime factors of u?
313
Let b(v) = 42*v + 108. List the prime factors of b(9).
2, 3
Let g = -2174 + 4426. What are the prime factors of g?
2, 563
Suppose -5*u = -20, -10 = 2*g - 5*u + 2*u. Let j be -224 - (-2 + 3 - g). List the prime factors of (6/8)/((-4)/j).
2, 3, 7
Let a(h) = -1553*h - 23. What are the prime factors of a(-1)?
2, 3, 5, 17
Let h(l) = 140*l + 698. What are the prime factors of h(36)?
2, 19, 151
Let z be (32/24)/(4/(-318)). Let h = 156 + z. List the prime factors of h.
2, 5
Let w = 2008 - -126. List the prime factors of w.
2, 11, 97
Suppose -258 + 12 = -3*w. Suppose -4*i - 2 = -w. What are the prime factors of i?
2, 5
Suppose 5*x = j + 3*x - 8, 0 = 2*j + 4*x + 8. Let w be -1*(1 - (2 + j)). What are the prime factors o